(h). Give w(3).
-10
Let l(v) = -60*v + 1 + 3 + 61*v. Let j be l(0). Let n(r) = -r**2 - 5 + 6*r**2 - j*r**2 + 1 + 4*r. What is n(-5)?
1
Let b(r) = 2*r**3 - 3*r**2 + 4*r - 3. Let f = -46 + 48. Let t be 7/f*((-155)/35 + 5). What is b(t)?
9
Let x(z) be the first derivative of z**5/120 + z**4/6 + 7*z**3/3 - 1. Let m(f) be the third derivative of x(f). What is m(-7)?
-3
Suppose 0*w + 2*w = -3*h - 1, -4 = 2*w + 2*h. Let a(j) be the first derivative of -9 + 5/2*j**2 + 2*j**3 - 6*j + 1/4*j**4. Determine a(w).
-6
Let q(x) = x**2 - 2. Suppose -4*y + z = 3*z + 78, z = y + 21. Suppose 12 + 24 = 2*c. Let f = y + c. What is q(f)?
2
Let f(g) be the first derivative of g**3/3 - 7*g**2/2 + 6*g + 8. Let c = 1 + 3. Give f(c).
-6
Let j(d) = 3*d**2 + 3*d + 11. Let v(z) = z**2 + 2*z + 5. Let s(m) = 2*j(m) - 5*v(m). Calculate s(6).
9
Let o(v) be the third derivative of -v**6/30 - v**5/60 + v**4/12 - v**3/6 + 270*v**2. What is o(1)?
-4
Let c(h) = -3*h - 4. Let j be c(-3). Let s(f) = 0*f + 0*f + j + f. Suppose -195*o + 174*o - 147 = 0. Determine s(o).
-2
Let d(z) = -7*z + 4. Let b be d(-3). Suppose -b = -w - 4*w. Let y be w/(-2 - -3)*1. Let i(l) = l + 2. Determine i(y).
7
Let t(h) be the first derivative of h**2/2 + 9*h - 24. Give t(-6).
3
Let a(y) = y**2 + 2*y - 5. Let u(o) = -3*o - 12. Let d be u(-9). Let f = 3 - d. Let z be f/9*(-1 + 4). Give a(z).
3
Let f(v) = -98*v + 6183 - 6158 + 74*v + 3*v**2. Give f(7).
4
Let i(u) = 4*u**3 - 2*u**2 + 1. Let g be 18/(-45) - 42/(-5). Suppose q - 7 + g = 0. Calculate i(q).
-5
Let y(k) = -k**2 + 5*k - 13. Let u = 1306 - 1297. Give y(u).
-49
Let h(v) = -2*v + 21. Let y = 231 + -217. What is h(y)?
-7
Let m be 6/(-27) - ((-64)/(-36) - 3). Suppose 2*k + 2*q = 8, q - 4 = 3*k - 0*q. Let x(h) = h + 2 - 1 + k. What is x(m)?
2
Let u be (-2*1)/(3 - 7/2). Let v(o) = 5 - 8 + u + 0 - 2*o. Determine v(-2).
5
Let a be 0 + (3 - 8 - 3). Let t = -3 + a. Let x = -6 - t. Let w(b) = b**2 - 2*b - 2. Determine w(x).
13
Suppose -2*f + 5*p + 30 = 0, f + 5*p = 2*f - 25. Let m be -3 - 50/(-15) - (-32)/12. Suppose 4 = -m*l - f. Let i(z) = z**3 + 2*z**2 + 3. Determine i(l).
-6
Let v(c) = -c - 1. Let a(o) = 10 + 9*o + 3 + 0 - 5. Let q(u) = a(u) + 6*v(u). Let w be (-5)/(-10) + (-14)/4. Give q(w).
-7
Suppose -4*z + t - 13 = -2*z, 2*t - 2 = 0. Let x be z/(-1) + 3 + -3. Let q(d) = 4 + 0 - 2*d + 0 + 3. What is q(x)?
-5
Let m(r) = -3 - 7*r + 8*r - 3 + 1 + 0. Determine m(0).
-5
Let u(p) be the second derivative of p**5/20 + p**4/2 + 2*p**3/3 - 5*p**2/2 + 15*p + 8. What is u(-4)?
11
Let t(d) = 138*d - 66*d + 3 - 2 - 69*d. Give t(-6).
-17
Let m(h) = 17*h + 2 - 3 - 1. Let i(y) be the second derivative of 25*y**3/6 - 3*y**2/2 - 6*y. Let w(a) = -5*i(a) + 7*m(a). Give w(1).
-5
Let l(v) = -3*v - 61. Let p be l(-19). Let u(n) = -n**2 + n - 1. Let k(t) = 4*t**2 - 12*t + 1. Let b(z) = k(z) + 6*u(z). Determine b(p).
-13
Suppose 5*u + 40 = u. Let l be -1*u/(0 + -2). Let p(f) = -43*f + 8. Let m(d) = -79*d + 15. Let o(t) = -6*m(t) + 11*p(t). Calculate o(l).
-7
Let o(d) = d**3 + 7*d**2 + 5*d + 2. Suppose 4*y = 324 - 344. What is o(y)?
27
Let q(j) = -4*j**2 + 28*j + 22. Let t(a) = a**2 - 9*a - 7. Let i(c) = -5*q(c) - 16*t(c). Let f(m) = -3*m + 24. Let h be f(-20). Let v = -86 + h. What is i(v)?
10
Let w(r) be the second derivative of -r**5/20 + 5*r**4/12 + r**3/2 + 2*r**2 - 2*r. Suppose 28*l = 57 + 111. Calculate w(l).
-14
Let o = 8 - 27. Let q = o - -25. Let c(s) = -s**2 - 2*s + 0*s**2 + 7*s. What is c(q)?
-6
Let g = 32 + -27. Suppose 0 = -g*m - z + 6*z - 10, z - 12 = -4*m. Let c(b) be the second derivative of b**3 - 3*b**2/2 + 5*b. Give c(m).
9
Let x be ((-65)/26 - -2) + 34/(-4). Let y(g) = 5*g + 40. Give y(x).
-5
Let u(l) = 99*l**3 + 19*l**2 + 11*l - 11. Let c(j) = 32*j**3 + 7*j**2 + 4*j - 4. Let k(g) = -11*c(g) + 4*u(g). Determine k(1).
43
Suppose -2*u = -3 + 11. Let g be (65/(-20) + 4)*u. Let k(r) = -r**2 + 2. Determine k(g).
-7
Let z(x) = 3*x**2 - 13*x + 5. Let l(r) = -2*r**2 + 13*r - 1. Let d(v) = -4*l(v) - 3*z(v). What is d(-10)?
19
Let r(c) = -2*c - 2. Let t(a) = 3*a**2 + 3*a + 3. Let p be t(-2). Suppose p*n + 32 = n. Calculate r(n).
6
Suppose -20*r = -29*r + 117. Let w(t) = t + 4. Determine w(r).
17
Let y(o) = o**3 + 6*o**2 - 6. Suppose 197 - 27 = -34*v. What is y(v)?
19
Let f be (-6)/(-5)*(-10)/(-4). Suppose f*g - 7 = 4*u - 39, g + 2*u = 6. Let h(s) = -s. What is h(g)?
4
Let o = 19 - 17. Suppose -5*f = -4*f + o. Let m(k) = -k**3 - 3*k**2 - 3*k - 2. Calculate m(f).
0
Let s(q) be the second derivative of q**4/6 - 2*q**3 + 11*q**2/2 - 23*q. Determine s(8).
43
Let b be (-33)/(-2)*12/(-18). Let q(y) = -y - 11. What is q(b)?
0
Let z(m) = 3*m**2 - 3*m**2 + m**3 - m + 2 - 2*m**3 + 4*m**2. Suppose t = -3*a - 4*t - 186, 0 = 2*t. Let k = a + 65. Determine z(k).
8
Suppose -5*r + 10 = -4*a, 0*a = -2*r - 3*a + 27. Let x be r/(-4)*(-16)/12. Let h(u) = -6*u. Let l(q) = q**2 - 24*q - 1. Let v(t) = 4*h(t) - l(t). What is v(x)?
-3
Let n be 7/(-35) + 24/(-5). Let q(y) = 6*y - 5. Let c(t) = 7*t - 6. Let d(m) = n*c(m) + 6*q(m). Let j = 8 - 4. Give d(j).
4
Let b(m) = 0 + 10*m - 6*m**2 - 3 - m**3 + 19. Let d be b(-7). Let u(a) = a - 4*a - 4*a - 5 - 1 - a**2. Determine u(d).
4
Let z(d) = 2197*d + 9 - 1 - 2200*d. Give z(-6).
26
Let u(a) be the third derivative of a**7/420 - a**6/360 + a**5/120 + 5*a**4/8 - 20*a**2. Let s(n) be the second derivative of u(n). Give s(1).
5
Let n(t) be the second derivative of t**7/2520 - t**6/240 - t**5/120 + 5*t**4/6 - 8*t. Let x(a) be the third derivative of n(a). Calculate x(5).
9
Let j(h) be the second derivative of -h**5/20 + h**4/4 + h**3/6 - 2*h**2 + h. Let s be ((-28)/(-4) + -4)*(-5)/(-5). What is j(s)?
-1
Let h = -269/14 - -138/7. Let g(p) be the first derivative of 5 + h*p**2 + 0*p + 0*p**3 + 7/2*p**4. Calculate g(1).
15
Let u(b) = b**3 + 4*b**2 + 12*b + 2. Let x(y) = 2*y**3 + 6*y**2 + 25*y + 2. Let n(d) = -5*u(d) + 2*x(d). Calculate n(-7).
15
Let w(b) = -b**3 + 5*b**2 - 2*b + 1. Let j = -436 - -439. Calculate w(j).
13
Let o(v) = -7*v**3 + 3*v**2 + 4. Let x(m) = m**3 + m. Let i(z) = o(z) + 6*x(z). Calculate i(5).
-16
Let i(a) = -a**2 - 4*a + 5. Suppose 5*l = 4*y + 149, -2*l - 212 = 5*y - 34. Let h = y - -32. Determine i(h).
5
Let r(b) = -b**3 - 12*b**2 - 18*b + 15. Let x = -305 - -295. Calculate r(x).
-5
Let w = 68 + -67. Let v(g) = -10*g**3 + 2*g**2 + 2*g - 1. Let i(a) = 29*a**3 - 7*a**2 - 6*a + 3. Let m(o) = 2*i(o) + 7*v(o). Give m(w).
-11
Let a(s) be the third derivative of -s**4/24 + s**3/3 + 4*s**2. Let o be a(0). Let n(u) = 3 - o*u**2 + 0*u**2 - 3*u + u**2 + 2. Calculate n(-4).
1
Let r be (2 + 12/(-9))/(4/(-6)). Let g(p) = p + 1 - p**3 - 2*p - 3 + 3*p**3. Let v(h) = -h**3 + h**2 + 1. Let n(b) = r*g(b) - 3*v(b). Determine n(2).
-3
Let r(u) = u**3 - 7*u**2 + 3*u + 2. Suppose 42*d - 43*d = -3. Calculate r(d).
-25
Let n(i) be the third derivative of 0 - 1/2*i**3 + 0*i - i**2 + 1/24*i**4. Let k(w) = 3*w - 77. Let p be k(24). Calculate n(p).
-8
Let f(y) = 0*y - 19 - 6*y + 3 + 7*y. Calculate f(9).
-7
Let y = 1046 + -1050. Let w(l) be the second derivative of l**3/6 - l**2/2 + l. Give w(y).
-5
Let l(i) = -i**2 + 10*i - 1. Let k = 4 - -4. Let d be l(k). Suppose 3*q = 6*q + d. Let j(s) = -s**2 - 4*s + 3. Determine j(q).
-2
Let l(r) = r**2 + 5*r + 2. Let g(a) = -a**3 + 3*a**2 - 19*a + 53. Let x be g(3). Let b = 0 + 1. Let u be -6 + b/((-2)/x). What is l(u)?
-2
Let n(i) = 2*i - 2 + 4 + 3 - 3. Let j = 4 + 2. Let y = j + -2. What is n(y)?
10
Suppose 4*w + w + 3*p = -3, w - 3*p - 3 = 0. Suppose 6 = 2*t - w*t. Let m(s) = 3*s - 26. Let l(c) = -4*c + 31. Let k(i) = -5*l(i) - 6*m(i). Give k(t).
7
Let y be (-4)/3*6/(-4). Suppose -y*h = -h. Let q(t) be the first derivative of -t**3/3 + t**2/2 + t + 2182. Calculate q(h).
1
Let n(s) be the third derivative of -s**5/60 - 13*s**4/24 + 7*s**3/6 - 57*s**2. What is n(-13)?
7
Let i(v) = 19*v**2 + 4*v + 2. Let w(u) = -10*u**2 - 2*u - 1. Let y(m) = 4*i(m) + 7*w(m). Give y(-1).
5
Let u(r) = r - 5. Let b(m) = m - 6. Let h(w) = -5*b(w) + 6*u(w). Let f be 4 + (-4*8)/4. What is h(f)?
-4
Let x(m) = -5*m**3 + 12*m**2 - 5. Let o(h) = -4*h**3 + 11*h**2 - 4. Let z(k) = -6*o(k) + 5*x(k). Give z(-6).
-1
Let k(c) = c - 11. Let v be 144/27 - (11/(-3) + 3). Give k(v).
-5
Let a(z) = 8*z**3 - 2*z**2 - z - 9. Let m(i) = -4*i + 7*i**3 + 3*i + 0*i